f 412280 and 7480.
440
What is the highest common factor of 332098 and 2?
2
What is the greatest common divisor of 224 and 27664?
112
What is the greatest common divisor of 368617 and 211?
211
What is the greatest common divisor of 15520 and 1456940?
1940
Calculate the highest common divisor of 16206 and 12.
6
What is the greatest common divisor of 21 and 818097?
21
What is the highest common factor of 7654 and 5934?
86
Calculate the greatest common divisor of 1510 and 243714.
302
Calculate the greatest common divisor of 152069 and 41.
41
What is the highest common divisor of 32 and 226144?
32
Calculate the greatest common divisor of 486 and 1158.
6
What is the greatest common factor of 2021 and 76153?
43
Calculate the highest common factor of 5775 and 1.
1
Calculate the highest common divisor of 226699 and 2035.
407
What is the greatest common factor of 17 and 571676?
17
What is the highest common divisor of 170 and 261358?
34
What is the greatest common factor of 434 and 42780?
62
What is the highest common divisor of 1193736 and 24?
24
What is the highest common divisor of 29680 and 630?
70
What is the greatest common divisor of 420 and 3348?
12
What is the greatest common divisor of 282 and 22231?
47
Calculate the greatest common divisor of 42665 and 125.
5
What is the highest common divisor of 1430 and 10550540?
1430
Calculate the highest common divisor of 5740 and 42.
14
What is the greatest common factor of 540 and 802656?
108
What is the highest common divisor of 18 and 15178?
2
Calculate the highest common factor of 1895026 and 122.
122
What is the highest common divisor of 91 and 104741?
91
Calculate the highest common factor of 6158 and 326.
2
What is the greatest common divisor of 2 and 70200?
2
What is the greatest common factor of 934 and 3282076?
934
Calculate the highest common factor of 70465 and 340.
85
What is the greatest common divisor of 43515 and 45?
45
What is the highest common divisor of 2512098 and 268?
134
What is the highest common factor of 1060956 and 90?
18
Calculate the highest common divisor of 192 and 1860096.
192
Calculate the greatest common factor of 272592 and 1512.
216
Calculate the highest common divisor of 45936 and 297.
99
What is the highest common factor of 50776 and 6204?
44
Calculate the greatest common factor of 10298405 and 195.
65
What is the highest common factor of 4667 and 17591?
359
What is the greatest common divisor of 95 and 1379647?
19
Calculate the highest common divisor of 562748 and 11506.
1046
Calculate the greatest common divisor of 26 and 1836302.
26
Calculate the greatest common divisor of 644003 and 6704.
419
Calculate the greatest common factor of 102 and 3774.
102
What is the greatest common factor of 514490 and 40?
10
What is the highest common factor of 645 and 3645?
15
What is the highest common factor of 2567 and 34?
17
Calculate the greatest common divisor of 106485 and 45105.
465
Calculate the greatest common divisor of 1192 and 200554.
298
What is the greatest common divisor of 1542 and 3558?
6
What is the greatest common factor of 680 and 18345?
5
Calculate the highest common divisor of 494 and 923039.
247
What is the greatest common factor of 26260 and 650?
130
Calculate the greatest common factor of 288 and 684.
36
What is the highest common factor of 9516 and 624?
156
Calculate the greatest common factor of 1212 and 864.
12
Calculate the greatest common factor of 142 and 16117.
71
Calculate the greatest common divisor of 346980 and 160.
20
What is the greatest common factor of 1269 and 2367?
9
Calculate the highest common divisor of 18700 and 130220.
340
Calculate the greatest common divisor of 123350 and 2150.
50
What is the highest common divisor of 807648 and 768?
96
Calculate the highest common divisor of 102 and 64209.
51
Calculate the highest common divisor of 17007 and 9.
3
Calculate the greatest common factor of 40332 and 12.
12
Calculate the greatest common factor of 147310 and 20.
10
What is the highest common divisor of 373 and 965324?
373
Calculate the highest common factor of 28254 and 680.
34
What is the greatest common factor of 298158 and 434?
434
Calculate the highest common factor of 38 and 531259.
19
What is the highest common divisor of 1812 and 2820?
12
Calculate the highest common factor of 54944 and 252399.
1717
What is the highest common divisor of 40 and 42620?
20
Calculate the highest common divisor of 6735 and 3.
3
What is the highest common factor of 328 and 37556?
164
What is the greatest common divisor of 74144 and 172?
4
What is the greatest common factor of 344 and 536984?
344
Calculate the highest common divisor of 15041 and 21463.
169
Calculate the highest common divisor of 192 and 28104.
24
Calculate the highest common divisor of 15546 and 162.
6
What is the highest common divisor of 8174 and 3216?
134
What is the greatest common divisor of 4361 and 18779?
89
Calculate the highest common divisor of 321473 and 1142.
571
What is the greatest common divisor of 7303 and 603?
67
Calculate the greatest common factor of 290 and 9082.
2
What is the greatest common factor of 4850448 and 144?
48
Calculate the greatest common factor of 202 and 33431.
101
What is the highest common factor of 14329 and 3381?
161
Calculate the highest common divisor of 532 and 1729.
133
What is the highest common divisor of 25570 and 30?
10
What is the greatest common divisor of 19044 and 161?
23
Calculate the highest common divisor of 144 and 4304.
16
Calculate the highest common divisor of 108 and 9922284.
108
What is the highest common divisor of 2356 and 38665?
19
What is the greatest common divisor of 52 and 6136000?
52
Calculate the highest common factor of 84 and 632292.
12
What is the greatest common divisor of 278 and 7858?
2
What is the greatest common factor of 609 and 8274?
21
What is the highest common factor of 9328 and 181472?
848
Calculate the greatest common factor of 291 and 87979.
97
What is the greatest common factor of 1911 and 6123?
39
What is the greatest common divisor of 101112 and 1716?
132
What is the greatest common factor of 278625 and 225?
75
What is the greatest common factor of 1116 and 516?
12
Calculate the highest common factor of 206982 and 378.
54
What is the greatest common factor of 30 and 878730?
30
What is the highest common divisor of 1950 and 18650?
50
Calculate the greatest common divisor of 1431 and 4644.
27
What is the highest common factor of 4620 and 3795?
165
Calculate the greatest common factor of 583 and 10417.
11
What is the greatest common factor of 493 and 141542?
17
What is the greatest common factor of 22 and 22?
22
What is the greatest common divisor of 21 and 124761?
21
Calculate the highest common factor of 430 and 135430.
10
Calculate the highest common divisor of 36872 and 44.
44
What is the highest common divisor of 38804 and 4578?
218
What is the greatest common factor of 1159562 and 632?
158
Calculate the highest common factor of 187 and 65212.
17
Calculate the highest common factor of 8428 and 171794.
98
Calculate the highest common divisor of 53908 and 30.
2
What is the greatest common divisor of 11680 and 1120?
160
Calculate the greatest common factor of 1048 and 102311.
131
What is the greatest common factor of 175 and 59275?
25
Calculate the greatest common factor of 18075 and 675.
75
Calculate the greatest common factor of 5339 and 486973.
281
Calculate the highest common factor of 35390309 and 61.
61
What is the greatest common factor of 4709 and 119?
17
Calculate the greatest common factor of 4343 and 1677.
43
Calculate the highest common divisor of 1960 and 24375.
5
What is the greatest common factor of 6 and 254418?
6
What is the highest common divisor of 88080 and 10320?
240
What is the greatest common divisor of 74205 and 459?
153
What is the greatest common factor of 331908 and 2652?
204
Calculate the greatest common factor of 290 and 260710.
290
What is the greatest common divisor of 140676 and 684?
228
What is the highest common factor of 2548 and 476?
28
What is the greatest common divisor of 1178 and 230330?
62
What is the greatest common divisor of 993636 and 672?
84
Calculate the highest common factor of 52 and 721032.
52
What is the highest common factor of 24 and 31638?
6
Wh